10238 = 2*q + 276. Is q a prime number?
False
Suppose 0 = 2*x - 178 + 32. Let f = -38 + x. Is f a composite number?
True
Is 9/21 - (-3)/(189/579195) a composite number?
True
Let m = 4 + -2. Suppose m*t - 6*t = -260. Is t a composite number?
True
Suppose -3*u + 0*u + 2*f = -33845, -3*u = 4*f - 33839. Is u prime?
False
Suppose -s + 11 = -c, s = -4*c + 8*c + 26. Is ((-7420)/6)/(-5)*s/4 prime?
False
Let h(q) = -13*q**3 + q**2 + q + 4. Let m = -8 + 5. Let k be h(m). Suppose -9*i - k = -10*i. Is i composite?
True
Let j(q) = -3*q**3 - 5*q**2 + 54*q + 63. Is j(-23) composite?
True
Let k(r) = r + 2. Let g be k(0). Suppose 5*h + 317 = d - 6, -1248 = -4*d - g*h. Suppose -3*a + 872 = -d. Is a composite?
True
Let o be (-65)/7 + 8/28. Is (6/o)/(2/(-1443)) prime?
False
Let q = -2628 - 1967. Let a = q - -6748. Is a prime?
True
Suppose 2 = 5*l - 3*l, 4*t + l - 21 = 0. Let k = t - 0. Suppose 0 = -0*a - k*a + 1855. Is a a composite number?
True
Let l = -10857 + 16706. Is l composite?
False
Suppose 4*k = -3*d + 2999, -2*k + 1 = -9. Is d composite?
True
Let b be (-4)/(-14) - 65/7. Let y(n) be the first derivative of -n**4/4 - 5*n**3/3 + 6*n**2 - 3*n - 2. Is y(b) a composite number?
True
Let z = 27 - 15. Suppose 4*f + 4*o = -0*o - z, -5*f - o = 15. Let w = f + 54. Is w composite?
True
Let t(r) be the first derivative of r**2/2 - 1954*r + 5. Let a be t(0). Is a/(-5) - (-3)/15 a prime number?
False
Is 2 - (-6 + 4) - (-283398)/6 a prime number?
True
Let y(p) = 843*p**2 + 3*p + 109. Is y(7) composite?
True
Suppose 2*y - 8 = y. Suppose -240 = 4*n - y*n. Suppose 4*p - 44 - n = 0. Is p a composite number?
True
Suppose -3*l + 288 = -5*q, -q - q = -4*l + 370. Let w = l - -133. Suppose -w = -5*b - 39. Is b prime?
True
Let j = 11 - -18. Let g = j - 27. Suppose 2*k - 3*q = 431, -g*k + 4*k - 438 = -4*q. Is k a composite number?
True
Let s = 4089 + -2260. Suppose -2*n = -2*q + 1498, -1876 = -5*q - 5*n + s. Is q a composite number?
True
Let b be (-166)/18 + ((-28)/18)/(-7). Let z(v) = 33*v**2 - 29*v + 13. Is z(b) a composite number?
True
Suppose 2*g - 123 - 839 = 4*p, -3 = g. Let j = p + 845. Suppose 0 = 4*a - 2*b - 1186, -5*a - 4*b + 912 = -j. Is a prime?
False
Let y(z) = 3*z**3 - 3*z**2 + z - 6. Let p be y(3). Let q = p - -62. Is q composite?
False
Suppose -3*f = -4*z - 0*z - 505, 0 = -3*f + 9. Let i = 55 - z. Let r = i + 114. Is r a prime number?
True
Let d be 15/10*56/6. Let n be 32/14 - d/49. Is (2/4)/(n/836) a prime number?
False
Suppose -5*d - 3*k = -34174, 5*d = 4*d + k + 6830. Is d a composite number?
False
Let w be -1 + 9/(5 - 2). Let u be 0 + (w + -1 - -62). Suppose -z - u = -4*z. Is z composite?
True
Let s(y) = -y**3 - 10*y**2 + 11*y + 13. Let x be s(-11). Suppose 2*p = -5*z, p + 2*p + x = -z. Let d(b) = 22*b**2 + b - 1. Is d(z) a composite number?
False
Is (-7 - (-3 + -3))*-14369 composite?
False
Let a(s) = 2 + 25*s + 14*s - 41*s + 5*s**2 + 3. Let t(y) = -y + 1. Let v be t(5). Is a(v) prime?
False
Is (0 + 1/((-15)/(-1623)))*5 prime?
True
Let s = -32 + 36. Is 194 + s/1 - -3 a composite number?
True
Let m(b) = -b + 1. Let w be m(-2). Suppose 20 = w*l + l. Suppose 3*u + 66 = l*u. Is u composite?
True
Let m(t) = 29*t - 33. Let n be m(10). Suppose -64*p + 63*p = -n. Is p a composite number?
False
Let m(k) = 19*k**2 - 18*k - 8. Suppose 13*l = -31 + 122. Is m(l) a prime number?
True
Let g be 34/17 + -1 + -1. Suppose 3*n - 2089 = -g*y - 5*y, -3*y + n = -1259. Is y a prime number?
True
Let o(x) be the second derivative of x**3/6 - 3*x. Let b be o(-11). Let c(h) = 2*h**2 + 15*h + 14. Is c(b) composite?
True
Suppose -5*m + 44445 = -0*h - 5*h, -4*m = 3*h - 35528. Is m a prime number?
False
Let i be 37/13 - (-2 + 120/65). Suppose 5*j + 2076 = i*p, 2*p - j - 1391 = -0*j. Is p composite?
True
Suppose 4*r - 2*r - 8 = 0. Suppose 1944 = r*n - 4*g, -2*g + 8 = -6*g. Is (n/(-6))/((-8)/12) a composite number?
True
Suppose 2*z + 3*z + 20 = 0, 5*x + z - 6 = 0. Suppose -4*c = 3*s - 2*c - 20, -x*c = -8. Suppose -s*w - 17 = -277. Is w composite?
True
Let q be (1 + 2)/(9/(-6)). Let s(v) = 242*v - 2. Let p be s(q). Let j = -179 - p. Is j composite?
False
Suppose -999 = -w - 2*w. Let t = w + 148. Is t a composite number?
True
Suppose 4862 = 5*a + z, -5*z + 2*z - 9 = 0. Is a/2 - 1/(-2) composite?
False
Suppose 9*k - 7*k = 14. Suppose 6330 = -n + k*n. Is n composite?
True
Is 8443/(5*1/5) prime?
True
Let y(f) = -f**2 + 7*f + 8. Let h be y(8). Suppose 3*q - 5*r - 2050 = 0, q - 690 = -5*r - h*r. Is q composite?
True
Let p(y) = -y - 5. Let m be p(-7). Suppose q = -m*q. Suppose h - 67 - 22 = q. Is h a composite number?
False
Suppose 5*i = 2*s + 4, 4*s - 5*i = -2 + 4. Suppose -s*x + 7484 = -5*o, 1957 + 3024 = 2*x - 5*o. Is x prime?
True
Suppose 0 = -114*t + 112*t + 3*s + 81199, 0 = -t + 2*s + 40597. Is t a prime number?
False
Let h = 43692 - 27091. Is h prime?
False
Suppose -261*h = -246*h - 267405. Is h a composite number?
False
Let p be 2/(-8) - (5082/(-8) + 2). Suppose 0*t - 3*t + p = 0. Is t composite?
False
Let l(m) = m + 4. Let f be l(-11). Let t be (-1190)/f - (-2 + -2). Let p = t + -11. Is p a prime number?
True
Let a(s) = 2*s - 13. Let r(k) = 5*k - 40. Let h(o) = 8*a(o) - 3*r(o). Let g be h(-11). Let q = 39 - g. Is q prime?
False
Let u(y) = -3 + 105*y - 5*y - 16*y + 154*y. Is u(2) prime?
False
Is -6 - 40836/(-18) - (-2)/6 a composite number?
True
Is (-1)/((-4)/(-6))*57296/(-24) a composite number?
False
Let n = -18 + 9. Is 31 + (-3 - n/3) prime?
True
Let k be (-4)/4*1*-333. Let g = -108 + k. Is (-2 + g)/((-6)/(-6)) a prime number?
True
Let q = 23302 + -1017. Is q composite?
True
Let u(d) = -31*d**3 + 2*d - d**2 - d**2 + 23 - 26. Let o be u(2). Let g = 374 + o. Is g prime?
False
Suppose -14 = -6*j + 16. Suppose -3*p = -4*x + x - 1203, 4*x + 2001 = j*p. Is p a composite number?
False
Suppose -4*b + 4*l = 4, -2*b - 3*l + l - 14 = 0. Let c(x) = 360*x**2 + 2*x + 1. Let m be c(-1). Is -1*(0 - (b + m)) prime?
False
Is (((-406764)/16)/(-3))/((-6)/(-16)) a composite number?
True
Let g = 70 + -65. Suppose 0 = 7*b - g*b - 826. Is b prime?
False
Let r be (-3)/5*5/1. Let s(f) = 47*f + 2. Let i(b) = 46*b + 3. Let c(k) = r*i(k) + 2*s(k). Is c(-11) a prime number?
True
Suppose 12 = -3*g, -l + 5*g - 4588 + 12509 = 0. Is l prime?
True
Let p(r) = 13*r**2 + 7*r + 1. Let k(n) = -10*n - 2. Let w be k(-1). Is p(w) composite?
True
Is 35/(-28)*-10084*(-7)/(-5) a composite number?
True
Suppose -3*o = -t - 11499, 2*o - 3*t = -2*t + 7666. Is o a prime number?
True
Let f be (28/(-5))/(4/130). Let a be (-7)/(1 - 128/126). Let r = a + f. Is r a prime number?
False
Let n = -9 + -10. Let u = -17 - n. Suppose u*o = -r + 97, 5 = 2*r - r. Is o composite?
True
Let a = 20661 + 4612. Is a a composite number?
True
Suppose 6 + 9 = 3*d. Suppose 3*o + 3 = d*w + 18, -5*o + w = -3. Is (-35)/(-3 + 2 + o) a composite number?
True
Let d(n) = 25*n - 24. Let u(y) = -50*y + 48. Let x(v) = -5*d(v) - 2*u(v). Is x(-19) a composite number?
False
Let k(o) = -420*o + 53. Is k(-15) a prime number?
True
Let h(j) = 221*j**2 - 18*j + 98. Is h(15) composite?
True
Let q(l) = l + 105. Is q(-8) prime?
True
Let q(y) = 143*y**2 + 3*y - 103. Is q(10) a prime number?
False
Let u(l) = -40*l + 4. Let a be u(3). Let p = a + 229. Is p a prime number?
True
Suppose -4*l - 1098 = -5*l. Suppose 3*g = g + l. Suppose 2*p = -p + g. Is p a prime number?
False
Let p = -6704 + 12225. Let f = p + 3378. Is f a composite number?
True
Let w = -788 + 2841. Is w a composite number?
False
Suppose 2*l = 3*x + 9470, x + 2*x + 23693 = 5*l. Is l prime?
False
Suppose -3*a + 1939 + 13922 = 0. Is a a composite number?
True
Let v(t) = 4*t**3 - 4*t**2 - 2*t - 8. Let j(g) = -21*g**3 + 20*g**2 + 11*g + 40. Let f(n) = 2*j(n) + 11*v(n). Is f(5) prime?
False
Let h(o) = -70*o**3 - 5*o**2 + 3*o + 31. Is h(-5) a composite number?
False
Let i(h) be the second derivative of h**5/20 + 5*h**4/6 + 5*h**3/6 + 3*h**2/2 + 5*h. Let d be i(-8). Suppose -4*a - 3*o = -d - 994, a + 4*o = 281. Is a prime?
True
Suppose 5*l = 9*l - 28. Let t(r) = r**3 + 8*r**2 - 5*r + 1. Is t(l) a prime number?
True
Let v be -1 + (-1)/2*0. Let y be (v/2)/(8/16). Is (1 + 380)*y/(-3) composite?
False
Is 958 + 4/12*3 composite?
True
Let i be 140/(-25) + 2/(-5). Let n(w) = w**2 + 2*w - 2. Let h be n(-4). Is 554/h - i/9 a composite 